 -m*f + 5*f + 5*j = 227. Let h = f + 394. What is the tens digit of h?
5
Let k = -207 - -114. Let d = k - -289. What is the units digit of d?
6
Let n(k) = 24*k**2 + k. Let a = -16 - -28. Let b be 3 + ((-3)/4 - 15/a). What is the units digit of n(b)?
5
Let z = 20341 + -10589. What is the thousands digit of z?
9
Let p(x) = -3*x**2 - 3*x + 9. Let o be p(8). Let u = 570 + -262. Let a = o + u. What is the units digit of a?
1
Let d = -14710 + 33653. What is the tens digit of d?
4
Let s(z) = -z**3 + 12*z**2 - 18*z + 88. Let o be s(11). What is the tens digit of 95/(o/5 - 2)?
7
Let t(a) = 3252*a - 4726. What is the ten thousands digit of t(18)?
5
Let y = -540 - -559. Suppose -y*k + 12*k + 896 = 0. What is the units digit of k?
8
Let n(i) = 66*i + 217. Suppose -250*y + 248*y + 28 = 0. What is the units digit of n(y)?
1
Suppose 5*z - 8*z + 6 = 0. Let n be 796 - (z - (-3 + 2)). Suppose 4*q = -m + n, 18 + 383 = 2*q + 5*m. What is the hundreds digit of q?
1
Let h = 16519 - 9624. Suppose -r = -6*r + h. Suppose r = 5*b + 99. What is the hundreds digit of b?
2
Let o(b) = 22*b**2 + 7*b - 4. Let l be o(5). What is the tens digit of (-3 + l/21)*(-15)/(-1)?
7
Suppose -103*k + 105*k = -2*v + 18564, 2*k - v = 18576. What is the tens digit of k?
8
Let o(k) be the third derivative of -k**6/40 + k**5/12 + 5*k**4/24 - 4*k**3/3 + 9*k**2. Let z be o(-5). Let b = z - 322. What is the tens digit of b?
4
Suppose 6 + 49 = 5*g. Suppose -g*i + 4893 = -5271. What is the units digit of i?
4
Suppose 6*o + 8480 = o. What is the tens digit of (o/24 + 1/(-3))*-1?
7
Let y(q) = 2*q + 9. Let z be y(20). Suppose z*g = 52*g - 12. Suppose 3*l - 3*f - 297 = 0, f = 3*l - g*f - 299. What is the tens digit of l?
9
Suppose -80*n + 326*n - 346470 = 554628. What is the tens digit of n?
6
Let i be (-4 + 4/1)*(-4)/(-8). Suppose i = 3*d - 7*k + 10*k - 150, -4*d = 2*k - 208. What is the units digit of d?
4
What is the thousands digit of (-157945)/124*360/(-25)?
8
Suppose 0 = -32*p + 33*p + 9. Let a be 5/(-10)*(3 + p). Suppose a = n - 21. What is the tens digit of n?
2
Let o = -6701 - -8932. What is the thousands digit of o?
2
Let p be ((-4)/(-10))/(3/(-60)*-4). Suppose 4*v + v - 119 = -p*z, 5*v - 140 = 5*z. Suppose 22*w + 84 = v*w. What is the units digit of w?
8
Suppose -8*y - 3*v + 15 = -5*y, 3*y = -v + 17. Suppose -3*n - 2*c + 62 = 0, 0 = 3*n + 5*c - 80 + y. Suppose -210 = -n*t + 13*t. What is the units digit of t?
2
Let n = 70 + -68. Suppose n*y - 3*y - 4*h = -150, -h + 162 = y. What is the units digit of y?
6
Suppose -5*u + 3*w - 21 = -7, -3*w - 22 = 4*u. What is the units digit of (u/(-3))/2 - (-166644)/324?
5
Suppose 28 = -2*a + 26, -4*g + 2*a + 14 = 0. What is the tens digit of (-504)/(5 + (-7 + 5)*g)?
0
Let p = 10994 - -18436. What is the thousands digit of p?
9
Let u = 80 + -74. Suppose u*z - 2687 = 91. Let x = z - 234. What is the hundreds digit of x?
2
Let x = 18 - 17. Suppose 4*v - x = 5*v. What is the units digit of (-3 - 1 - v) + 99?
6
Let d(x) = 22*x**2 + 250*x - 294. What is the ten thousands digit of d(51)?
6
Let x = 286 + -77. Let f = x - -138. What is the units digit of f?
7
Let r(u) = -1. Let q(f) = -2*f - 22. Let h(k) = -q(k) - 3*r(k). Let c be h(-12). What is the tens digit of (12 - 9) + 19/1*c?
2
Let m = 100230 + -59489. What is the hundreds digit of m?
7
Let b(k) = 1094*k**2 + 40*k - 279. What is the thousands digit of b(6)?
9
Let d = 20 + -14. Let l(y) = -2*y**3 + 14*y**2 + 4*y + 1. Let m be l(d). Suppose 2*h - m = -35. What is the tens digit of h?
3
Let l = -130 + 135. Let d(r) = r + 6. Let n be d(l). Suppose -n*s + 80 = -30. What is the units digit of s?
0
Suppose 238*n - 227*n - 178926 = 0. What is the hundreds digit of n?
2
Suppose -7*m - 5*a + 17 = -4*m, 5*m = 4*a + 53. Suppose 2*x + 8 = 0, -12*x + m*x = k - 140. What is the units digit of k?
2
Let a = 3 - 0. Suppose a*j = -4*h + 193, 4*h - 285 = -h + 5*j. Suppose 53*w = h*w + 75. What is the tens digit of w?
7
Let z(c) = c + 23. Let b be z(17). Let u = b + -38. Suppose 2*g = -2*q + 22, u*q = -3*g + 5*g + 30. What is the units digit of q?
3
Let x = -5053 + 12560. What is the units digit of x?
7
Let w(u) = 3*u**2 - 5*u - 19. Let z be w(-2). What is the tens digit of 4 - z/((-6)/(-7) - 1)?
2
Let i(a) = -a**2 + 41*a + 82670. What is the units digit of i(0)?
0
Let f = 17085 - 939. What is the thousands digit of f?
6
Let x be (-180)/(-13) - 80/(-520). What is the tens digit of 4205/7 + x/49?
0
Let j(d) = 2852*d + 13. Let w be j(3). What is the tens digit of (-48)/312 - w/(-13)?
5
Let u be ((-133)/14 + -3)*18/(-15). Let a(s) = 5*s**2 - 26*s - 110. What is the units digit of a(u)?
5
Let v = 89 + -87. Let q be (3/(-4) + 6/8)/v. Suppose 3*w - 2 = -p, q = -4*w + 3*w + p + 6. What is the units digit of w?
2
Let k(x) = -x + 4. Let z(i) = -2*i + 7. Let n(j) = -7*k(j) + 3*z(j). Let v be n(9). What is the units digit of -3*(-2)/(-3) + (116 - v)?
2
Let f(d) = 246*d**2 - 7*d + 18. Suppose -88*y + 85*y = -6. Let w be f(y). Suppose -5*z + 262 + w = 0. What is the tens digit of z?
5
Suppose 21*c - 149*c = 27*c - 2487905. What is the tens digit of c?
5
Suppose 13 = 11*w - 163. Let m(s) = 2*s + 21*s**2 + 2 - 14 - w*s**2. What is the units digit of m(6)?
0
Suppose 5*m = 2427 + 3213. Suppose -6*q + 78 = -m. Suppose -q = n - 4*n. What is the tens digit of n?
6
Let x(g) = 30778*g**3 - 53*g**2 + 5*g - 3. What is the ten thousands digit of x(1)?
3
Suppose -3*y - 2 = -11. Let k(r) = y*r + 3*r + 8 - 4*r. What is the units digit of k(0)?
8
What is the hundreds digit of (-660)/(-7)*2604/24?
2
Let v = -2199 - -4734. What is the hundreds digit of (-11)/((-33)/v) + (-1 - 1)?
8
Let b(o) = o**2 + 3*o + 243. Let y = -20 + 20. Let n be b(y). Let u = n + -37. What is the tens digit of u?
0
Let a be (-2 + 3)/(((-2)/8)/(-1)). Suppose 3*f - 3*z = 1635, 18*f - 13*f - a*z = 2725. What is the hundreds digit of f?
5
Let i(u) = -94*u - 25 + 47*u + 52*u. Let z be i(6). Suppose 0 = -z*n + 4*n + 194. What is the units digit of n?
4
Let k = -4284 + 36842. What is the thousands digit of k?
2
Let v(a) be the third derivative of a**6/120 + 7*a**5/60 + 5*a**4/24 + 3*a**3/2 + 8*a**2. Let s be v(-6). What is the units digit of 3*110/s - -3?
5
Suppose -57660 = -52*z - 11224. What is the units digit of z?
3
Suppose 0 = 26*k - 18*k + 8. What is the hundreds digit of (k - (-21)/14)/(1/2508)?
2
Suppose w + 88 = -h - 2*h, -w - 88 = 5*h. Let q = w + 85. What is the tens digit of ((-5)/q)/(1/81)?
3
Suppose -3*z + 17507 - 2352 = 2*j, 30314 = 4*j + 2*z. What is the tens digit of j?
7
Let o(r) = 139*r**3 + 14*r - 31. What is the hundreds digit of o(3)?
7
Let w = -10653 - -27970. What is the thousands digit of w?
7
Let s(v) = 34*v + 1454. What is the units digit of s(-40)?
4
Let h(d) = -193*d - 940. What is the tens digit of h(-5)?
2
Suppose 382346 + 374711 = 37*w. What is the tens digit of w?
6
Let f = -6 - -4. Let j(s) = -5*s**3 - s - 2. Let k be j(-1). What is the units digit of (230/(-20))/(f/k)?
3
What is the tens digit of ((-24170)/(-45))/(5/45)?
3
Let i(d) = 11*d - 97. Let c be i(9). Suppose 0 = 3*p + 4*z - c*z - 73, 0 = -5*p + 3*z + 128. What is the units digit of p?
5
Let x(y) = 1474*y - 1562. What is the units digit of x(28)?
0
Let s(q) = -q**2 - 7*q + 4. Let t be s(-9). Let z be 33/77 - 8/t. What is the tens digit of (-17 - z)/(4/(-18))?
8
Let x(w) = -w**3 + 33*w**2 + 284*w - 3. What is the hundreds digit of x(32)?
1
Let k(x) be the second derivative of 7*x**4/12 + 13*x**3/6 + 12*x**2 + 2*x. What is the units digit of k(-3)?
8
Suppose 5*c = 10, -5*o = -4*c + 9*c - 67845. What is the units digit of o?
7
Suppose 0 = -27*z + 30*z - 21. Suppose 13 = z*l - 1. What is the tens digit of l/((-4)/(-6)) - (-12 - 0)?
1
Suppose -107*x = -86*x - 22680. Suppose 38*k = 26*k + x. What is the units digit of k?
0
Let k = -43 - -46. Let u(d) = d**k - d**2 + 8*d**2 - 4 - 3 - 189*d + 179*d. What is the units digit of u(-7)?
3
Let d be 8016/3 - 7 - -6. Suppose -952 = 3*v - d. What is the tens digit of v?
7
Let r(s) be the second derivative of 179*s**3/6 - 57*s**2/2 + 46*s. What is the hundreds digit of r(5)?
8
Suppose 5*y - 45434 - 55221 = -7870. What is the units digit of y?
7
Let g(n) = -54*n**3 - 2*n**2 - 53*n - 258. What is the thousands digit of g(-5)?
6
Let g = -80735 + 142832. Suppose 0